{"id":18,"date":"2013-10-31T10:18:58","date_gmt":"2013-10-31T09:18:58","guid":{"rendered":"http:\/\/photocopie-ajaccio.com\/photocopie\/?page_id=18"},"modified":"2020-03-12T15:51:33","modified_gmt":"2020-03-12T14:51:33","slug":"gravure","status":"publish","type":"page","link":"http:\/\/photocopie-ajaccio.com\/photocopie\/gravure\/","title":{"rendered":"Gravure"},"content":{"rendered":"<h1><iframe loading=\"lazy\" src=\"https:\/\/www.youtube.com\/embed\/rcsLCFrClEE\" width=\"1000\" height=\"600\" frameborder=\"0\" allowfullscreen=\"allowfullscreen\"><\/iframe><\/h1>\n<h3><span style=\"font-family: tahoma, arial, helvetica, sans-serif; font-size: medium;\"><span style=\"font-size: 18pt;\">Nous vous proposons un large ch<\/span><\/span><span style=\"font-family: tahoma, arial, helvetica, sans-serif; font-size: medium;\"><span style=\"font-size: 18pt;\">oix de produits&nbsp;\u00e0 personnaliser :<\/span><\/span><\/h3>\n<p><span style=\"font-size: 14pt;\">&#8211; Plaques standard<\/span><br \/>\n<span style=\"font-size: 14pt;\"> &#8211; Plaques professionnelles<\/span><br \/>\n<span style=\"font-size: 14pt;\"> &#8211; Plaques fantaisies<\/span><br \/>\n<span style=\"font-size: 14pt;\"> &#8211; M\u00e9dailles chats et chiens, pendentifs<\/span><br \/>\n<span style=\"font-size: 14pt;\"> &#8211; Portes-cl\u00e9s<\/span><br \/>\n<span style=\"font-size: 14pt;\"> &#8211; Plaques bo\u00eete \u00e0 lettres.<\/span><\/p>\n<p><span style=\"font-size: 14pt;\">Diff\u00e9rents coloris et mat\u00e9riaux sont \u00e0 votre disposition.<\/span><\/p>\n<h1 style=\"text-align: center;\"><img loading=\"lazy\" decoding=\"async\" class=\"aligncenter wp-image-1195\" src=\"http:\/\/photocopie-ajaccio.com\/photocopie\/wp-content\/uploads\/2013\/10\/Visuel-plaque-4-1024x373.jpg\" alt=\"Plaque gravee\" width=\"757\" height=\"281\"><\/h1>\n<p><img loading=\"lazy\" decoding=\"async\" class=\"aligncenter size-full wp-image-1689\" src=\"http:\/\/photocopie-ajaccio.com\/photocopie\/wp-content\/uploads\/2020\/03\/Plaque-plexi-scaled.jpg\" alt=\"\" width=\"2560\" height=\"1707\"><\/p>\n","protected":false},"excerpt":{"rendered":"<p>Nous vous proposons un large choix de produits&nbsp;\u00e0 personnaliser : &#8211; Plaques standard &#8211; Plaques professionnelles &#8211; Plaques fantaisies &#8211; M\u00e9dailles chats et chiens, pendentifs &#8211; Portes-cl\u00e9s &#8211; Plaques bo\u00eete \u00e0 lettres. Diff\u00e9rents coloris et mat\u00e9riaux sont \u00e0 votre disposition.<\/p>\n","protected":false},"author":1,"featured_media":0,"parent":0,"menu_order":0,"comment_status":"closed","ping_status":"closed","template":"","meta":{"footnotes":""},"class_list":["post-18","page","type-page","status-publish","hentry"],"yoast_head":"<!-- This site is optimized with the Yoast SEO plugin v18.8 - https:\/\/yoast.com\/wordpress\/plugins\/seo\/ -->\n<title>Gravure - Copy Flash System<\/title>\n<meta name=\"description\" content=\"Gravure : Nous vous proposons un large choix de produits grav\u00e9s (plaque grav\u00e9e , m\u00e9daille) \u00e0 personnaliser\" \/>\n<meta name=\"robots\" content=\"index, follow, max-snippet:-1, max-image-preview:large, max-video-preview:-1\" \/>\n<link rel=\"canonical\" href=\"https:\/\/photocopie-ajaccio.com\/photocopie\/gravure\/\" \/>\n<meta property=\"og:locale\" content=\"fr_FR\" \/>\n<meta property=\"og:type\" content=\"article\" \/>\n<meta property=\"og:title\" content=\"Gravure - Copy Flash System\" \/>\n<meta property=\"og:description\" content=\"Gravure : Nous vous proposons un large choix de produits grav\u00e9s (plaque grav\u00e9e , m\u00e9daille) \u00e0 personnaliser\" \/>\n<meta property=\"og:url\" content=\"https:\/\/photocopie-ajaccio.com\/photocopie\/gravure\/\" \/>\n<meta property=\"og:site_name\" content=\"Copy Flash System\" \/>\n<meta property=\"article:publisher\" content=\"https:\/\/www.facebook.com\/cfs.mezzavia\" \/>\n<meta property=\"article:modified_time\" content=\"2020-03-12T14:51:33+00:00\" \/>\n<meta property=\"og:image\" content=\"http:\/\/photocopie-ajaccio.com\/photocopie\/wp-content\/uploads\/2013\/10\/Visuel-plaque-4-1024x373.jpg\" \/>\n<script type=\"application\/ld+json\" class=\"yoast-schema-graph\">{\"@context\":\"https:\/\/schema.org\",\"@graph\":[{\"@type\":\"WebSite\",\"@id\":\"https:\/\/photocopie-ajaccio.com\/photocopie\/#website\",\"url\":\"https:\/\/photocopie-ajaccio.com\/photocopie\/\",\"name\":\"Copy Flash System\",\"description\":\"Photocopies &amp; Impressions sur ajaccio\",\"potentialAction\":[{\"@type\":\"SearchAction\",\"target\":{\"@type\":\"EntryPoint\",\"urlTemplate\":\"https:\/\/photocopie-ajaccio.com\/photocopie\/?s={search_term_string}\"},\"query-input\":\"required name=search_term_string\"}],\"inLanguage\":\"fr-FR\"},{\"@type\":\"ImageObject\",\"inLanguage\":\"fr-FR\",\"@id\":\"https:\/\/photocopie-ajaccio.com\/photocopie\/gravure\/#primaryimage\",\"url\":\"http:\/\/photocopie-ajaccio.com\/photocopie\/wp-content\/uploads\/2013\/10\/Visuel-plaque-4.jpg\",\"contentUrl\":\"http:\/\/photocopie-ajaccio.com\/photocopie\/wp-content\/uploads\/2013\/10\/Visuel-plaque-4.jpg\",\"width\":4404,\"height\":1606},{\"@type\":\"WebPage\",\"@id\":\"https:\/\/photocopie-ajaccio.com\/photocopie\/gravure\/#webpage\",\"url\":\"https:\/\/photocopie-ajaccio.com\/photocopie\/gravure\/\",\"name\":\"Gravure - Copy Flash System\",\"isPartOf\":{\"@id\":\"https:\/\/photocopie-ajaccio.com\/photocopie\/#website\"},\"primaryImageOfPage\":{\"@id\":\"https:\/\/photocopie-ajaccio.com\/photocopie\/gravure\/#primaryimage\"},\"datePublished\":\"2013-10-31T09:18:58+00:00\",\"dateModified\":\"2020-03-12T14:51:33+00:00\",\"description\":\"Gravure : Nous vous proposons un large choix de produits grav\u00e9s (plaque grav\u00e9e , m\u00e9daille) \u00e0 personnaliser\",\"breadcrumb\":{\"@id\":\"https:\/\/photocopie-ajaccio.com\/photocopie\/gravure\/#breadcrumb\"},\"inLanguage\":\"fr-FR\",\"potentialAction\":[{\"@type\":\"ReadAction\",\"target\":[\"https:\/\/photocopie-ajaccio.com\/photocopie\/gravure\/\"]}]},{\"@type\":\"BreadcrumbList\",\"@id\":\"https:\/\/photocopie-ajaccio.com\/photocopie\/gravure\/#breadcrumb\",\"itemListElement\":[{\"@type\":\"ListItem\",\"position\":1,\"name\":\"Accueil\",\"item\":\"https:\/\/photocopie-ajaccio.com\/photocopie\/\"},{\"@type\":\"ListItem\",\"position\":2,\"name\":\"Gravure\"}]}]}<\/script>\n<!-- \/ Yoast SEO plugin. -->","yoast_head_json":{"title":"Gravure - Copy Flash System","description":"Gravure : Nous vous proposons un large choix de produits grav\u00e9s (plaque grav\u00e9e , m\u00e9daille) \u00e0 personnaliser","robots":{"index":"index","follow":"follow","max-snippet":"max-snippet:-1","max-image-preview":"max-image-preview:large","max-video-preview":"max-video-preview:-1"},"canonical":"https:\/\/photocopie-ajaccio.com\/photocopie\/gravure\/","og_locale":"fr_FR","og_type":"article","og_title":"Gravure - Copy Flash System","og_description":"Gravure : Nous vous proposons un large choix de produits grav\u00e9s (plaque grav\u00e9e , m\u00e9daille) \u00e0 personnaliser","og_url":"https:\/\/photocopie-ajaccio.com\/photocopie\/gravure\/","og_site_name":"Copy Flash System","article_publisher":"https:\/\/www.facebook.com\/cfs.mezzavia","article_modified_time":"2020-03-12T14:51:33+00:00","og_image":[{"url":"http:\/\/photocopie-ajaccio.com\/photocopie\/wp-content\/uploads\/2013\/10\/Visuel-plaque-4-1024x373.jpg"}],"schema":{"@context":"https:\/\/schema.org","@graph":[{"@type":"WebSite","@id":"https:\/\/photocopie-ajaccio.com\/photocopie\/#website","url":"https:\/\/photocopie-ajaccio.com\/photocopie\/","name":"Copy Flash System","description":"Photocopies &amp; Impressions sur ajaccio","potentialAction":[{"@type":"SearchAction","target":{"@type":"EntryPoint","urlTemplate":"https:\/\/photocopie-ajaccio.com\/photocopie\/?s={search_term_string}"},"query-input":"required name=search_term_string"}],"inLanguage":"fr-FR"},{"@type":"ImageObject","inLanguage":"fr-FR","@id":"https:\/\/photocopie-ajaccio.com\/photocopie\/gravure\/#primaryimage","url":"http:\/\/photocopie-ajaccio.com\/photocopie\/wp-content\/uploads\/2013\/10\/Visuel-plaque-4.jpg","contentUrl":"http:\/\/photocopie-ajaccio.com\/photocopie\/wp-content\/uploads\/2013\/10\/Visuel-plaque-4.jpg","width":4404,"height":1606},{"@type":"WebPage","@id":"https:\/\/photocopie-ajaccio.com\/photocopie\/gravure\/#webpage","url":"https:\/\/photocopie-ajaccio.com\/photocopie\/gravure\/","name":"Gravure - Copy Flash System","isPartOf":{"@id":"https:\/\/photocopie-ajaccio.com\/photocopie\/#website"},"primaryImageOfPage":{"@id":"https:\/\/photocopie-ajaccio.com\/photocopie\/gravure\/#primaryimage"},"datePublished":"2013-10-31T09:18:58+00:00","dateModified":"2020-03-12T14:51:33+00:00","description":"Gravure : Nous vous proposons un large choix de produits grav\u00e9s (plaque grav\u00e9e , m\u00e9daille) \u00e0 personnaliser","breadcrumb":{"@id":"https:\/\/photocopie-ajaccio.com\/photocopie\/gravure\/#breadcrumb"},"inLanguage":"fr-FR","potentialAction":[{"@type":"ReadAction","target":["https:\/\/photocopie-ajaccio.com\/photocopie\/gravure\/"]}]},{"@type":"BreadcrumbList","@id":"https:\/\/photocopie-ajaccio.com\/photocopie\/gravure\/#breadcrumb","itemListElement":[{"@type":"ListItem","position":1,"name":"Accueil","item":"https:\/\/photocopie-ajaccio.com\/photocopie\/"},{"@type":"ListItem","position":2,"name":"Gravure"}]}]}},"_links":{"self":[{"href":"http:\/\/photocopie-ajaccio.com\/photocopie\/wp-json\/wp\/v2\/pages\/18","targetHints":{"allow":["GET"]}}],"collection":[{"href":"http:\/\/photocopie-ajaccio.com\/photocopie\/wp-json\/wp\/v2\/pages"}],"about":[{"href":"http:\/\/photocopie-ajaccio.com\/photocopie\/wp-json\/wp\/v2\/types\/page"}],"author":[{"embeddable":true,"href":"http:\/\/photocopie-ajaccio.com\/photocopie\/wp-json\/wp\/v2\/users\/1"}],"replies":[{"embeddable":true,"href":"http:\/\/photocopie-ajaccio.com\/photocopie\/wp-json\/wp\/v2\/comments?post=18"}],"version-history":[{"count":1,"href":"http:\/\/photocopie-ajaccio.com\/photocopie\/wp-json\/wp\/v2\/pages\/18\/revisions"}],"predecessor-version":[{"id":1691,"href":"http:\/\/photocopie-ajaccio.com\/photocopie\/wp-json\/wp\/v2\/pages\/18\/revisions\/1691"}],"wp:attachment":[{"href":"http:\/\/photocopie-ajaccio.com\/photocopie\/wp-json\/wp\/v2\/media?parent=18"}],"curies":[{"name":"wp","href":"https:\/\/api.w.org\/{rel}","templated":true}]}}