{"id":181,"date":"2013-11-04T09:49:04","date_gmt":"2013-11-04T08:49:04","guid":{"rendered":"http:\/\/photocopie-ajaccio.com\/photocopie\/?page_id=181"},"modified":"2023-04-28T10:21:05","modified_gmt":"2023-04-28T09:21:05","slug":"adhesif-vinyl","status":"publish","type":"page","link":"http:\/\/photocopie-ajaccio.com\/photocopie\/enseigne-publicitaire\/adhesif-vinyl\/","title":{"rendered":"D\u00e9coupe adh\u00e9sif vinyl"},"content":{"rendered":"<h3><img loading=\"lazy\" decoding=\"async\" class=\"wp-image-1128 aligncenter\" src=\"http:\/\/photocopie-ajaccio.com\/photocopie\/wp-content\/uploads\/2013\/11\/v\u00e9hicule-marquage-1024x657.jpg\" alt=\"v\u00e9hicule marquage\" width=\"621\" height=\"399\" \/><\/h3>\n<h3>La d\u00e9coupe vinyle va vous permettre de nombreuses\u00a0choses dans diff\u00e9rentes dimensions comme personnaliser :<\/h3>\n<ul>\n<li>\n<h4>La devanture de votre magasin<\/h4>\n<\/li>\n<li>\n<h4>Marquage de v\u00e9hicule<\/h4>\n<\/li>\n<li>\n<h4>Stickers d\u00e9coratifs<\/h4>\n<\/li>\n<li>\n<h4>Tarifs &#8230;<\/h4>\n<\/li>\n<\/ul>\n<p>&nbsp;<\/p>\n<p>&nbsp;<\/p>\n","protected":false},"excerpt":{"rendered":"<p>La d\u00e9coupe vinyle va vous permettre de nombreuses\u00a0choses dans diff\u00e9rentes dimensions comme personnaliser : La devanture de votre magasin Marquage de v\u00e9hicule Stickers d\u00e9coratifs Tarifs &#8230; &nbsp; &nbsp;<\/p>\n","protected":false},"author":1,"featured_media":0,"parent":44,"menu_order":0,"comment_status":"closed","ping_status":"closed","template":"","meta":{"footnotes":""},"class_list":["post-181","page","type-page","status-publish","hentry"],"yoast_head":"<!-- This site is optimized with the Yoast SEO plugin v18.8 - https:\/\/yoast.com\/wordpress\/plugins\/seo\/ -->\n<title>D\u00e9coupe d&#039;Adh\u00e9sif vinyl sur ajaccio<\/title>\n<meta name=\"description\" content=\"D\u00e9coupe d&#039;Adh\u00e9sif vinyl sur ajaccio. Signal\u00e9tique, stickers vyil sur ajaccio.\" \/>\n<meta name=\"robots\" content=\"index, follow, max-snippet:-1, max-image-preview:large, max-video-preview:-1\" \/>\n<link rel=\"canonical\" href=\"https:\/\/photocopie-ajaccio.com\/photocopie\/enseigne-publicitaire\/adhesif-vinyl\/\" \/>\n<meta property=\"og:locale\" content=\"fr_FR\" \/>\n<meta property=\"og:type\" content=\"article\" \/>\n<meta property=\"og:title\" content=\"D\u00e9coupe d&#039;Adh\u00e9sif vinyl sur ajaccio\" \/>\n<meta property=\"og:description\" content=\"D\u00e9coupe d&#039;Adh\u00e9sif vinyl sur ajaccio. Signal\u00e9tique, stickers vyil sur ajaccio.\" \/>\n<meta property=\"og:url\" content=\"https:\/\/photocopie-ajaccio.com\/photocopie\/enseigne-publicitaire\/adhesif-vinyl\/\" \/>\n<meta property=\"og:site_name\" content=\"Copy Flash System\" \/>\n<meta property=\"article:publisher\" content=\"https:\/\/www.facebook.com\/cfs.mezzavia\" \/>\n<meta property=\"article:modified_time\" content=\"2023-04-28T09:21:05+00:00\" \/>\n<script type=\"application\/ld+json\" class=\"yoast-schema-graph\">{\"@context\":\"https:\/\/schema.org\",\"@graph\":[{\"@type\":\"WebSite\",\"@id\":\"https:\/\/photocopie-ajaccio.com\/photocopie\/#website\",\"url\":\"https:\/\/photocopie-ajaccio.com\/photocopie\/\",\"name\":\"Copy Flash System\",\"description\":\"Photocopies &amp; Impressions sur ajaccio\",\"potentialAction\":[{\"@type\":\"SearchAction\",\"target\":{\"@type\":\"EntryPoint\",\"urlTemplate\":\"https:\/\/photocopie-ajaccio.com\/photocopie\/?s={search_term_string}\"},\"query-input\":\"required name=search_term_string\"}],\"inLanguage\":\"fr-FR\"},{\"@type\":\"WebPage\",\"@id\":\"https:\/\/photocopie-ajaccio.com\/photocopie\/enseigne-publicitaire\/adhesif-vinyl\/#webpage\",\"url\":\"https:\/\/photocopie-ajaccio.com\/photocopie\/enseigne-publicitaire\/adhesif-vinyl\/\",\"name\":\"D\u00e9coupe d'Adh\u00e9sif vinyl sur ajaccio\",\"isPartOf\":{\"@id\":\"https:\/\/photocopie-ajaccio.com\/photocopie\/#website\"},\"datePublished\":\"2013-11-04T08:49:04+00:00\",\"dateModified\":\"2023-04-28T09:21:05+00:00\",\"description\":\"D\u00e9coupe d'Adh\u00e9sif vinyl sur ajaccio. Signal\u00e9tique, stickers vyil sur ajaccio.\",\"breadcrumb\":{\"@id\":\"https:\/\/photocopie-ajaccio.com\/photocopie\/enseigne-publicitaire\/adhesif-vinyl\/#breadcrumb\"},\"inLanguage\":\"fr-FR\",\"potentialAction\":[{\"@type\":\"ReadAction\",\"target\":[\"https:\/\/photocopie-ajaccio.com\/photocopie\/enseigne-publicitaire\/adhesif-vinyl\/\"]}]},{\"@type\":\"BreadcrumbList\",\"@id\":\"https:\/\/photocopie-ajaccio.com\/photocopie\/enseigne-publicitaire\/adhesif-vinyl\/#breadcrumb\",\"itemListElement\":[{\"@type\":\"ListItem\",\"position\":1,\"name\":\"Accueil\",\"item\":\"https:\/\/photocopie-ajaccio.com\/photocopie\/\"},{\"@type\":\"ListItem\",\"position\":2,\"name\":\"Enseigne publicitaire\",\"item\":\"https:\/\/photocopie-ajaccio.com\/photocopie\/enseigne-publicitaire\/\"},{\"@type\":\"ListItem\",\"position\":3,\"name\":\"D\u00e9coupe adh\u00e9sif vinyl\"}]}]}<\/script>\n<!-- \/ Yoast SEO plugin. -->","yoast_head_json":{"title":"D\u00e9coupe d'Adh\u00e9sif vinyl sur ajaccio","description":"D\u00e9coupe d'Adh\u00e9sif vinyl sur ajaccio. Signal\u00e9tique, stickers vyil sur ajaccio.","robots":{"index":"index","follow":"follow","max-snippet":"max-snippet:-1","max-image-preview":"max-image-preview:large","max-video-preview":"max-video-preview:-1"},"canonical":"https:\/\/photocopie-ajaccio.com\/photocopie\/enseigne-publicitaire\/adhesif-vinyl\/","og_locale":"fr_FR","og_type":"article","og_title":"D\u00e9coupe d'Adh\u00e9sif vinyl sur ajaccio","og_description":"D\u00e9coupe d'Adh\u00e9sif vinyl sur ajaccio. Signal\u00e9tique, stickers vyil sur ajaccio.","og_url":"https:\/\/photocopie-ajaccio.com\/photocopie\/enseigne-publicitaire\/adhesif-vinyl\/","og_site_name":"Copy Flash System","article_publisher":"https:\/\/www.facebook.com\/cfs.mezzavia","article_modified_time":"2023-04-28T09:21:05+00:00","schema":{"@context":"https:\/\/schema.org","@graph":[{"@type":"WebSite","@id":"https:\/\/photocopie-ajaccio.com\/photocopie\/#website","url":"https:\/\/photocopie-ajaccio.com\/photocopie\/","name":"Copy Flash System","description":"Photocopies &amp; Impressions sur ajaccio","potentialAction":[{"@type":"SearchAction","target":{"@type":"EntryPoint","urlTemplate":"https:\/\/photocopie-ajaccio.com\/photocopie\/?s={search_term_string}"},"query-input":"required name=search_term_string"}],"inLanguage":"fr-FR"},{"@type":"WebPage","@id":"https:\/\/photocopie-ajaccio.com\/photocopie\/enseigne-publicitaire\/adhesif-vinyl\/#webpage","url":"https:\/\/photocopie-ajaccio.com\/photocopie\/enseigne-publicitaire\/adhesif-vinyl\/","name":"D\u00e9coupe d'Adh\u00e9sif vinyl sur ajaccio","isPartOf":{"@id":"https:\/\/photocopie-ajaccio.com\/photocopie\/#website"},"datePublished":"2013-11-04T08:49:04+00:00","dateModified":"2023-04-28T09:21:05+00:00","description":"D\u00e9coupe d'Adh\u00e9sif vinyl sur ajaccio. Signal\u00e9tique, stickers vyil sur ajaccio.","breadcrumb":{"@id":"https:\/\/photocopie-ajaccio.com\/photocopie\/enseigne-publicitaire\/adhesif-vinyl\/#breadcrumb"},"inLanguage":"fr-FR","potentialAction":[{"@type":"ReadAction","target":["https:\/\/photocopie-ajaccio.com\/photocopie\/enseigne-publicitaire\/adhesif-vinyl\/"]}]},{"@type":"BreadcrumbList","@id":"https:\/\/photocopie-ajaccio.com\/photocopie\/enseigne-publicitaire\/adhesif-vinyl\/#breadcrumb","itemListElement":[{"@type":"ListItem","position":1,"name":"Accueil","item":"https:\/\/photocopie-ajaccio.com\/photocopie\/"},{"@type":"ListItem","position":2,"name":"Enseigne publicitaire","item":"https:\/\/photocopie-ajaccio.com\/photocopie\/enseigne-publicitaire\/"},{"@type":"ListItem","position":3,"name":"D\u00e9coupe adh\u00e9sif vinyl"}]}]}},"_links":{"self":[{"href":"http:\/\/photocopie-ajaccio.com\/photocopie\/wp-json\/wp\/v2\/pages\/181","targetHints":{"allow":["GET"]}}],"collection":[{"href":"http:\/\/photocopie-ajaccio.com\/photocopie\/wp-json\/wp\/v2\/pages"}],"about":[{"href":"http:\/\/photocopie-ajaccio.com\/photocopie\/wp-json\/wp\/v2\/types\/page"}],"author":[{"embeddable":true,"href":"http:\/\/photocopie-ajaccio.com\/photocopie\/wp-json\/wp\/v2\/users\/1"}],"replies":[{"embeddable":true,"href":"http:\/\/photocopie-ajaccio.com\/photocopie\/wp-json\/wp\/v2\/comments?post=181"}],"version-history":[{"count":1,"href":"http:\/\/photocopie-ajaccio.com\/photocopie\/wp-json\/wp\/v2\/pages\/181\/revisions"}],"predecessor-version":[{"id":1755,"href":"http:\/\/photocopie-ajaccio.com\/photocopie\/wp-json\/wp\/v2\/pages\/181\/revisions\/1755"}],"up":[{"embeddable":true,"href":"http:\/\/photocopie-ajaccio.com\/photocopie\/wp-json\/wp\/v2\/pages\/44"}],"wp:attachment":[{"href":"http:\/\/photocopie-ajaccio.com\/photocopie\/wp-json\/wp\/v2\/media?parent=181"}],"curies":[{"name":"wp","href":"https:\/\/api.w.org\/{rel}","templated":true}]}}